{"id":1961,"date":"2021-06-14T02:52:27","date_gmt":"2021-06-14T02:52:27","guid":{"rendered":"https:\/\/solmex.cl\/www\/?page_id=1961"},"modified":"2024-07-08T12:07:47","modified_gmt":"2024-07-08T16:07:47","slug":"tanktainer","status":"publish","type":"page","link":"https:\/\/solmex.cl\/www\/tanktainer\/","title":{"rendered":"Tanktainer 316 Lts."},"content":{"rendered":"\t\t<div data-elementor-type=\"wp-page\" data-elementor-id=\"1961\" class=\"elementor elementor-1961\" data-elementor-settings=\"[]\">\n\t\t\t\t\t\t<div class=\"elementor-inner\">\n\t\t\t\t\t\t\t<div class=\"elementor-section-wrap\">\n\t\t\t\t\t\t\t<section class=\"elementor-section elementor-top-section elementor-element elementor-element-f9556c3 elementor-section-boxed elementor-section-height-default elementor-section-height-default\" data-id=\"f9556c3\" data-element_type=\"section\" data-settings=\"{&quot;background_background&quot;:&quot;classic&quot;}\">\n\t\t\t\t\t\t<div class=\"elementor-container elementor-column-gap-default\">\n\t\t\t\t\t\t\t<div class=\"elementor-row\">\n\t\t\t\t\t<div class=\"elementor-column elementor-col-100 elementor-top-column elementor-element elementor-element-471ab2d\" data-id=\"471ab2d\" data-element_type=\"column\">\n\t\t\t<div class=\"elementor-column-wrap elementor-element-populated\">\n\t\t\t\t\t\t\t<div class=\"elementor-widget-wrap\">\n\t\t\t\t\t\t<div class=\"elementor-element elementor-element-e954a8a elementor-widget elementor-widget-breadcrumbs\" data-id=\"e954a8a\" data-element_type=\"widget\" data-widget_type=\"breadcrumbs.default\">\n\t\t\t\t<div class=\"elementor-widget-container\">\n\t\t\t<p id=\"breadcrumbs\"><span><span><a href=\"https:\/\/solmex.cl\/www\/\">Inicio<\/a><\/span><\/p>\t\t<\/div>\n\t\t\t\t<\/div>\n\t\t\t\t\t\t<\/div>\n\t\t\t\t\t<\/div>\n\t\t<\/div>\n\t\t\t\t\t\t\t\t<\/div>\n\t\t\t\t\t<\/div>\n\t\t<\/section>\n\t\t\t\t<section class=\"elementor-section elementor-top-section elementor-element elementor-element-9ee98d6 elementor-section-boxed elementor-section-height-default elementor-section-height-default\" data-id=\"9ee98d6\" data-element_type=\"section\">\n\t\t\t\t\t\t<div class=\"elementor-container elementor-column-gap-default\">\n\t\t\t\t\t\t\t<div class=\"elementor-row\">\n\t\t\t\t\t<div class=\"elementor-column elementor-col-100 elementor-top-column elementor-element elementor-element-4984952\" data-id=\"4984952\" data-element_type=\"column\">\n\t\t\t<div class=\"elementor-column-wrap elementor-element-populated\">\n\t\t\t\t\t\t\t<div class=\"elementor-widget-wrap\">\n\t\t\t\t\t\t<section class=\"elementor-section elementor-inner-section elementor-element elementor-element-5c6d151 elementor-section-boxed elementor-section-height-default elementor-section-height-default\" data-id=\"5c6d151\" data-element_type=\"section\">\n\t\t\t\t\t\t<div class=\"elementor-container elementor-column-gap-default\">\n\t\t\t\t\t\t\t<div class=\"elementor-row\">\n\t\t\t\t\t<div class=\"elementor-column elementor-col-33 elementor-inner-column elementor-element elementor-element-f44231c elementor-hidden-phone\" data-id=\"f44231c\" data-element_type=\"column\">\n\t\t\t<div class=\"elementor-column-wrap elementor-element-populated\">\n\t\t\t\t\t\t\t<div class=\"elementor-widget-wrap\">\n\t\t\t\t\t\t<div class=\"elementor-element elementor-element-5d047bc elementor-widget elementor-widget-heading\" data-id=\"5d047bc\" data-element_type=\"widget\" data-widget_type=\"heading.default\">\n\t\t\t\t<div class=\"elementor-widget-container\">\n\t\t\t<h6 class=\"elementor-heading-title elementor-size-default\">Caracter\u00edsticas<\/h6>\t\t<\/div>\n\t\t\t\t<\/div>\n\t\t\t\t<div class=\"elementor-element elementor-element-607adc6 elementor-widget elementor-widget-image\" data-id=\"607adc6\" data-element_type=\"widget\" data-widget_type=\"image.default\">\n\t\t\t\t<div class=\"elementor-widget-container\">\n\t\t\t\t\t\t\t\t<div class=\"elementor-image\">\n\t\t\t\t\t\t\t\t\t\t\t\t<img width=\"70\" height=\"3\" src=\"https:\/\/solmex.cl\/www\/wp-content\/uploads\/2020\/11\/Rectangle.png\" class=\"attachment-large size-large\" alt=\"\" loading=\"lazy\" \/>\t\t\t\t\t\t\t\t\t\t\t\t\t\t<\/div>\n\t\t\t\t\t\t<\/div>\n\t\t\t\t<\/div>\n\t\t\t\t\t\t<\/div>\n\t\t\t\t\t<\/div>\n\t\t<\/div>\n\t\t\t\t<div class=\"elementor-column elementor-col-66 elementor-inner-column elementor-element elementor-element-c71114d\" data-id=\"c71114d\" data-element_type=\"column\">\n\t\t\t<div class=\"elementor-column-wrap elementor-element-populated\">\n\t\t\t\t\t\t\t<div class=\"elementor-widget-wrap\">\n\t\t\t\t\t\t<div class=\"elementor-element elementor-element-63b0c65 elementor-widget elementor-widget-heading\" data-id=\"63b0c65\" data-element_type=\"widget\" data-widget_type=\"heading.default\">\n\t\t\t\t<div class=\"elementor-widget-container\">\n\t\t\t<h6 class=\"elementor-heading-title elementor-size-default\">ARRIENDO DE M\u00d3DULOS<\/h6>\t\t<\/div>\n\t\t\t\t<\/div>\n\t\t\t\t<div class=\"elementor-element elementor-element-47797d8 elementor-widget elementor-widget-image\" data-id=\"47797d8\" data-element_type=\"widget\" data-widget_type=\"image.default\">\n\t\t\t\t<div class=\"elementor-widget-container\">\n\t\t\t\t\t\t\t\t<div class=\"elementor-image\">\n\t\t\t\t\t\t\t\t\t\t\t\t<img width=\"70\" height=\"3\" src=\"https:\/\/solmex.cl\/www\/wp-content\/uploads\/2020\/11\/Rectangle.png\" class=\"attachment-large size-large\" alt=\"\" loading=\"lazy\" \/>\t\t\t\t\t\t\t\t\t\t\t\t\t\t<\/div>\n\t\t\t\t\t\t<\/div>\n\t\t\t\t<\/div>\n\t\t\t\t<div class=\"elementor-element elementor-element-0dc1207 elementor-widget elementor-widget-heading\" data-id=\"0dc1207\" data-element_type=\"widget\" data-widget_type=\"heading.default\">\n\t\t\t\t<div class=\"elementor-widget-container\">\n\t\t\t<h2 class=\"elementor-heading-title elementor-size-default\">Tanktainer 26.000 Lts<\/h2>\t\t<\/div>\n\t\t\t\t<\/div>\n\t\t\t\t<div class=\"elementor-element elementor-element-8feabc3 elementor-widget elementor-widget-text-editor\" data-id=\"8feabc3\" data-element_type=\"widget\" data-widget_type=\"text-editor.default\">\n\t\t\t\t<div class=\"elementor-widget-container\">\n\t\t\t\t\t\t\t\t<div class=\"elementor-text-editor elementor-clearfix\">\n\t\t\t\t<p class=\"p2\">Equipo Modelo TankTainers o IsoTank para almacenamiento y transporte de productos construido en Acero Inoxidable 26.000 Lts<\/p>\t\t\t\t\t<\/div>\n\t\t\t\t\t\t<\/div>\n\t\t\t\t<\/div>\n\t\t\t\t<div class=\"elementor-element elementor-element-ad5ba14 elementor-skin-slideshow elementor-aspect-ratio-169 elementor-arrows-yes elementor-widget elementor-widget-media-carousel\" data-id=\"ad5ba14\" data-element_type=\"widget\" data-settings=\"{&quot;skin&quot;:&quot;slideshow&quot;,&quot;effect&quot;:&quot;slide&quot;,&quot;show_arrows&quot;:&quot;yes&quot;,&quot;speed&quot;:500,&quot;autoplay&quot;:&quot;yes&quot;,&quot;autoplay_speed&quot;:5000,&quot;loop&quot;:&quot;yes&quot;,&quot;pause_on_hover&quot;:&quot;yes&quot;,&quot;pause_on_interaction&quot;:&quot;yes&quot;,&quot;space_between&quot;:{&quot;unit&quot;:&quot;px&quot;,&quot;size&quot;:10,&quot;sizes&quot;:[]},&quot;space_between_tablet&quot;:{&quot;unit&quot;:&quot;px&quot;,&quot;size&quot;:10,&quot;sizes&quot;:[]},&quot;space_between_mobile&quot;:{&quot;unit&quot;:&quot;px&quot;,&quot;size&quot;:10,&quot;sizes&quot;:[]}}\" data-widget_type=\"media-carousel.default\">\n\t\t\t\t<div class=\"elementor-widget-container\">\n\t\t\t\t\t<div class=\"elementor-swiper\">\n\t\t\t<div class=\"elementor-main-swiper swiper-container\">\n\t\t\t\t<div class=\"swiper-wrapper\">\n\t\t\t\t\t\t\t\t\t\t\t<div class=\"swiper-slide\">\n\t\t\t\t\t\t\t\t\t<div class=\"elementor-carousel-image\" style=\"background-image: url(https:\/\/solmex.cl\/www\/wp-content\/uploads\/2021\/06\/01_Izquierda-Def-1.png)\">\n\t\t\t\t\t<\/div>\n\t\t\t\t\t\t\t\t<\/div>\n\t\t\t\t\t\t\t\t\t\t\t<div class=\"swiper-slide\">\n\t\t\t\t\t\t\t\t\t<div class=\"elementor-carousel-image\" style=\"background-image: url(https:\/\/solmex.cl\/www\/wp-content\/uploads\/2021\/06\/02_Frontal-Def.png)\">\n\t\t\t\t\t<\/div>\n\t\t\t\t\t\t\t\t<\/div>\n\t\t\t\t\t\t\t\t\t\t\t<div class=\"swiper-slide\">\n\t\t\t\t\t\t\t\t\t<div class=\"elementor-carousel-image\" style=\"background-image: url(https:\/\/solmex.cl\/www\/wp-content\/uploads\/2021\/06\/03_Derecha-Def.png)\">\n\t\t\t\t\t<\/div>\n\t\t\t\t\t\t\t\t<\/div>\n\t\t\t\t\t\t\t\t\t\t\t<div class=\"swiper-slide\">\n\t\t\t\t\t\t\t\t\t<div class=\"elementor-carousel-image\" style=\"background-image: url(https:\/\/solmex.cl\/www\/wp-content\/uploads\/2021\/06\/04_Perspectiva-Def.png)\">\n\t\t\t\t\t<\/div>\n\t\t\t\t\t\t\t\t<\/div>\n\t\t\t\t\t\t\t\t\t\t\t<div class=\"swiper-slide\">\n\t\t\t\t\t\t\t\t\t<div class=\"elementor-carousel-image\" style=\"background-image: url(https:\/\/solmex.cl\/www\/wp-content\/uploads\/2021\/06\/05_Perspectiva-Def.png)\">\n\t\t\t\t\t<\/div>\n\t\t\t\t\t\t\t\t<\/div>\n\t\t\t\t\t\t\t\t\t\t\t<div class=\"swiper-slide\">\n\t\t\t\t\t\t\t\t\t<div class=\"elementor-carousel-image\" style=\"background-image: url(https:\/\/solmex.cl\/www\/wp-content\/uploads\/2021\/06\/07_Zoom-Valvula.png)\">\n\t\t\t\t\t<\/div>\n\t\t\t\t\t\t\t\t<\/div>\n\t\t\t\t\t\t\t\t\t<\/div>\n\t\t\t\t\t\t\t\t\t\t\t\t\t\t\t\t\t\t\t\t<div class=\"elementor-swiper-button elementor-swiper-button-prev\">\n\t\t\t\t\t\t\t<i aria-hidden=\"true\" class=\"eicon-chevron-left\"><\/i>\t\t\t\t\t\t\t<span class=\"elementor-screen-only\">Previous<\/span>\n\t\t\t\t\t\t<\/div>\n\t\t\t\t\t\t<div class=\"elementor-swiper-button elementor-swiper-button-next\">\n\t\t\t\t\t\t\t<i aria-hidden=\"true\" class=\"eicon-chevron-right\"><\/i>\t\t\t\t\t\t\t<span class=\"elementor-screen-only\">Next<\/span>\n\t\t\t\t\t\t<\/div>\n\t\t\t\t\t\t\t\t\t\t\t\t<\/div>\n\t\t<\/div>\n\t\t\t\t<div class=\"elementor-swiper\">\n\t\t\t<div class=\"elementor-thumbnails-swiper swiper-container\">\n\t\t\t\t<div class=\"swiper-wrapper\">\n\t\t\t\t\t\t\t\t\t\t\t<div class=\"swiper-slide\">\n\t\t\t\t\t\t\t\t\t<div class=\"elementor-fit-aspect-ratio elementor-carousel-image\" style=\"background-image: url(https:\/\/solmex.cl\/www\/wp-content\/uploads\/2021\/06\/01_Izquierda-Def-1.png)\">\n\t\t\t\t\t<\/div>\n\t\t\t\t\t\t\t\t<\/div>\n\t\t\t\t\t\t\t\t\t\t\t<div class=\"swiper-slide\">\n\t\t\t\t\t\t\t\t\t<div class=\"elementor-fit-aspect-ratio elementor-carousel-image\" style=\"background-image: url(https:\/\/solmex.cl\/www\/wp-content\/uploads\/2021\/06\/02_Frontal-Def.png)\">\n\t\t\t\t\t<\/div>\n\t\t\t\t\t\t\t\t<\/div>\n\t\t\t\t\t\t\t\t\t\t\t<div class=\"swiper-slide\">\n\t\t\t\t\t\t\t\t\t<div class=\"elementor-fit-aspect-ratio elementor-carousel-image\" style=\"background-image: url(https:\/\/solmex.cl\/www\/wp-content\/uploads\/2021\/06\/03_Derecha-Def.png)\">\n\t\t\t\t\t<\/div>\n\t\t\t\t\t\t\t\t<\/div>\n\t\t\t\t\t\t\t\t\t\t\t<div class=\"swiper-slide\">\n\t\t\t\t\t\t\t\t\t<div class=\"elementor-fit-aspect-ratio elementor-carousel-image\" style=\"background-image: url(https:\/\/solmex.cl\/www\/wp-content\/uploads\/2021\/06\/04_Perspectiva-Def.png)\">\n\t\t\t\t\t<\/div>\n\t\t\t\t\t\t\t\t<\/div>\n\t\t\t\t\t\t\t\t\t\t\t<div class=\"swiper-slide\">\n\t\t\t\t\t\t\t\t\t<div class=\"elementor-fit-aspect-ratio elementor-carousel-image\" style=\"background-image: url(https:\/\/solmex.cl\/www\/wp-content\/uploads\/2021\/06\/05_Perspectiva-Def.png)\">\n\t\t\t\t\t<\/div>\n\t\t\t\t\t\t\t\t<\/div>\n\t\t\t\t\t\t\t\t\t\t\t<div class=\"swiper-slide\">\n\t\t\t\t\t\t\t\t\t<div class=\"elementor-fit-aspect-ratio elementor-carousel-image\" style=\"background-image: url(https:\/\/solmex.cl\/www\/wp-content\/uploads\/2021\/06\/07_Zoom-Valvula.png)\">\n\t\t\t\t\t<\/div>\n\t\t\t\t\t\t\t\t<\/div>\n\t\t\t\t\t\t\t\t\t<\/div>\n\t\t\t\t\t\t\t\t\t\t\t\t\t\t\t\t\t\t\t\t\t<\/div>\n\t\t<\/div>\n\t\t\t\t<\/div>\n\t\t\t\t<\/div>\n\t\t\t\t<div class=\"elementor-element elementor-element-9c026c8 elementor-widget elementor-widget-text-editor\" data-id=\"9c026c8\" data-element_type=\"widget\" data-widget_type=\"text-editor.default\">\n\t\t\t\t<div class=\"elementor-widget-container\">\n\t\t\t\t\t\t\t\t<div class=\"elementor-text-editor elementor-clearfix\">\n\t\t\t\t<span style=\"font-size:11px\">Im\u00e1genes referenciales, el contenido de los m\u00f3dulos es opcional.<\/span>\t\t\t\t\t<\/div>\n\t\t\t\t\t\t<\/div>\n\t\t\t\t<\/div>\n\t\t\t\t<div class=\"elementor-element elementor-element-bebd8f7 elementor-align-right elementor-widget__width-auto elementor-mobile-align-center elementor-widget-mobile__width-inherit elementor-widget elementor-widget-button\" data-id=\"bebd8f7\" data-element_type=\"widget\" data-widget_type=\"button.default\">\n\t\t\t\t<div class=\"elementor-widget-container\">\n\t\t\t\t\t<div class=\"elementor-button-wrapper\">\n\t\t\t<a href=\"https:\/\/solmex.cl\/www\/wp-content\/uploads\/2021\/06\/Especificaciones-Te%CC%81cnicas-TankTainer.pdf\" target=\"_blank\" class=\"elementor-button-link elementor-button elementor-size-sm\" role=\"button\">\n\t\t\t\t\t\t<span class=\"elementor-button-content-wrapper\">\n\t\t\t\t\t\t<span class=\"elementor-button-icon elementor-align-icon-left\">\n\t\t\t\t<i aria-hidden=\"true\" class=\"fas fa-download\"><\/i>\t\t\t<\/span>\n\t\t\t\t\t\t<span class=\"elementor-button-text\">Descargar Ficha T\u00e9cnica<\/span>\n\t\t<\/span>\n\t\t\t\t\t<\/a>\n\t\t<\/div>\n\t\t\t\t<\/div>\n\t\t\t\t<\/div>\n\t\t\t\t\t\t<\/div>\n\t\t\t\t\t<\/div>\n\t\t<\/div>\n\t\t\t\t\t\t\t\t<\/div>\n\t\t\t\t\t<\/div>\n\t\t<\/section>\n\t\t\t\t\t\t<\/div>\n\t\t\t\t\t<\/div>\n\t\t<\/div>\n\t\t\t\t\t\t\t\t<\/div>\n\t\t\t\t\t<\/div>\n\t\t<\/section>\n\t\t\t\t<section class=\"elementor-section elementor-top-section elementor-element elementor-element-0a72324 elementor-section-boxed elementor-section-height-default elementor-section-height-default\" data-id=\"0a72324\" data-element_type=\"section\">\n\t\t\t\t\t\t<div class=\"elementor-container elementor-column-gap-default\">\n\t\t\t\t\t\t\t<div class=\"elementor-row\">\n\t\t\t\t\t<div class=\"elementor-column elementor-col-100 elementor-top-column elementor-element elementor-element-7a3df87\" data-id=\"7a3df87\" data-element_type=\"column\">\n\t\t\t<div class=\"elementor-column-wrap elementor-element-populated\">\n\t\t\t\t\t\t\t<div class=\"elementor-widget-wrap\">\n\t\t\t\t\t\t<section class=\"elementor-section elementor-inner-section elementor-element elementor-element-7fdbc41 elementor-section-boxed elementor-section-height-default elementor-section-height-default\" data-id=\"7fdbc41\" data-element_type=\"section\">\n\t\t\t\t\t\t<div class=\"elementor-container elementor-column-gap-default\">\n\t\t\t\t\t\t\t<div class=\"elementor-row\">\n\t\t\t\t\t<div class=\"elementor-column elementor-col-33 elementor-inner-column elementor-element elementor-element-2e83f45\" data-id=\"2e83f45\" data-element_type=\"column\">\n\t\t\t<div class=\"elementor-column-wrap elementor-element-populated\">\n\t\t\t\t\t\t\t<div class=\"elementor-widget-wrap\">\n\t\t\t\t\t\t<div class=\"elementor-element elementor-element-ccc1a13 elementor-widget elementor-widget-heading\" data-id=\"ccc1a13\" data-element_type=\"widget\" data-widget_type=\"heading.default\">\n\t\t\t\t<div class=\"elementor-widget-container\">\n\t\t\t<h6 class=\"elementor-heading-title elementor-size-default\">Ficha T\u00e9cnica<\/h6>\t\t<\/div>\n\t\t\t\t<\/div>\n\t\t\t\t<div class=\"elementor-element elementor-element-b7e23ca elementor-widget elementor-widget-image\" data-id=\"b7e23ca\" data-element_type=\"widget\" data-widget_type=\"image.default\">\n\t\t\t\t<div class=\"elementor-widget-container\">\n\t\t\t\t\t\t\t\t<div class=\"elementor-image\">\n\t\t\t\t\t\t\t\t\t\t\t\t<img width=\"70\" height=\"3\" src=\"https:\/\/solmex.cl\/www\/wp-content\/uploads\/2020\/11\/Rectangle.png\" class=\"attachment-large size-large\" alt=\"\" loading=\"lazy\" \/>\t\t\t\t\t\t\t\t\t\t\t\t\t\t<\/div>\n\t\t\t\t\t\t<\/div>\n\t\t\t\t<\/div>\n\t\t\t\t\t\t<\/div>\n\t\t\t\t\t<\/div>\n\t\t<\/div>\n\t\t\t\t<div class=\"elementor-column elementor-col-66 elementor-inner-column elementor-element elementor-element-ac324da\" data-id=\"ac324da\" data-element_type=\"column\">\n\t\t\t<div class=\"elementor-column-wrap elementor-element-populated\">\n\t\t\t\t\t\t\t<div class=\"elementor-widget-wrap\">\n\t\t\t\t\t\t<div class=\"elementor-element elementor-element-4686d8b elementor-widget elementor-widget-heading\" data-id=\"4686d8b\" data-element_type=\"widget\" data-widget_type=\"heading.default\">\n\t\t\t\t<div class=\"elementor-widget-container\">\n\t\t\t<h6 class=\"elementor-heading-title elementor-size-default\">Medidas : \n<\/h6>\t\t<\/div>\n\t\t\t\t<\/div>\n\t\t\t\t<div class=\"elementor-element elementor-element-8e49a76 elementor-widget elementor-widget-text-editor\" data-id=\"8e49a76\" data-element_type=\"widget\" data-widget_type=\"text-editor.default\">\n\t\t\t\t<div class=\"elementor-widget-container\">\n\t\t\t\t\t\t\t\t<div class=\"elementor-text-editor elementor-clearfix\">\n\t\t\t\t<ul><li>Largo 20 ft (6.058mm)<\/li><li>Ancho 8 ft (2.438mm)<\/li><li>Alto 8 ft, 6 in (2,591mm)<\/li><\/ul>\t\t\t\t\t<\/div>\n\t\t\t\t\t\t<\/div>\n\t\t\t\t<\/div>\n\t\t\t\t<div class=\"elementor-element elementor-element-798cbec elementor-widget elementor-widget-heading\" data-id=\"798cbec\" data-element_type=\"widget\" data-widget_type=\"heading.default\">\n\t\t\t\t<div class=\"elementor-widget-container\">\n\t\t\t<h6 class=\"elementor-heading-title elementor-size-default\">Caracter\u00edsticas : <\/h6>\t\t<\/div>\n\t\t\t\t<\/div>\n\t\t\t\t<div class=\"elementor-element elementor-element-cde7482 elementor-widget elementor-widget-text-editor\" data-id=\"cde7482\" data-element_type=\"widget\" data-widget_type=\"text-editor.default\">\n\t\t\t\t<div class=\"elementor-widget-container\">\n\t\t\t\t\t\t\t\t<div class=\"elementor-text-editor elementor-clearfix\">\n\t\t\t\t<p class=\"p1\">\u25aa Capacidad M\u00e1xima: 26.000 litros<span class=\"Apple-converted-space\">\u00a0<\/span><\/p><p><span class=\"s1\">\u25aa Peso: \u2022 <\/span>Bruto: 36-000 kg<span class=\"Apple-converted-space\">\u00a0<\/span><\/p><p>\u2022 Tara: 3.800 kg<span class=\"Apple-converted-space\">\u00a0<\/span><\/p><p><span class=\"s1\">\u25aa <\/span>Presi\u00f3n de Trabajo: 4 bar \/ 58 psi<span class=\"Apple-converted-space\">\u00a0<\/span><\/p><p><span class=\"s1\">\u25aa <\/span>Test Presi\u00f3n: 6 bar 7 87 psi<span class=\"Apple-converted-space\">\u00a0<\/span><\/p><p>\u25aa Temperatura de dise\u00f1o: 130 \u00b0C<span class=\"Apple-converted-space\">\u00a0<\/span><\/p><p>\u25aa Espesor Acero Inoxidable: 4.4\/ 4.6 mm<span class=\"Apple-converted-space\">\u00a0<\/span><\/p><p>\u25aa Conexi\u00f3n a tierra: Oreja inoxidable en el marco del estanque<span class=\"Apple-converted-space\">\u00a0<\/span><\/p><p>\u25aa Aislaci\u00f3n: Revestimiento reforzado con fibra de vidro (GRP)<span class=\"Apple-converted-space\">\u00a0<\/span><\/p><p><br \/><br \/><\/p>\t\t\t\t\t<\/div>\n\t\t\t\t\t\t<\/div>\n\t\t\t\t<\/div>\n\t\t\t\t\t\t<\/div>\n\t\t\t\t\t<\/div>\n\t\t<\/div>\n\t\t\t\t\t\t\t\t<\/div>\n\t\t\t\t\t<\/div>\n\t\t<\/section>\n\t\t\t\t\t\t<\/div>\n\t\t\t\t\t<\/div>\n\t\t<\/div>\n\t\t\t\t\t\t\t\t<\/div>\n\t\t\t\t\t<\/div>\n\t\t<\/section>\n\t\t\t\t\t\t<\/div>\n\t\t\t\t\t\t<\/div>\n\t\t\t\t\t<\/div>\n\t\t","protected":false},"excerpt":{"rendered":"<p>Caracter\u00edsticas ARRIENDO DE M\u00d3DULOS Tanktainer 26.000 Lts Equipo Modelo TankTainers o IsoTank para almacenamiento y transporte de productos construido en Acero Inoxidable 26.000 Lts Previous Next Im\u00e1genes referenciales, el contenido de los m\u00f3dulos es opcional. Descargar Ficha T\u00e9cnica Ficha T\u00e9cnica Medidas : Largo 20 ft (6.058mm) Ancho 8 ft (2.438mm) Alto 8 ft, 6 in [&hellip;]<\/p>\n","protected":false},"author":1,"featured_media":0,"parent":0,"menu_order":0,"comment_status":"closed","ping_status":"closed","template":"elementor_header_footer","meta":{"om_disable_all_campaigns":false},"yoast_head":"<!-- This site is optimized with the Yoast SEO plugin v18.3 - https:\/\/yoast.com\/wordpress\/plugins\/seo\/ -->\n<title>Tanktainer 316 Lts. - Solmex<\/title>\n<meta name=\"robots\" content=\"index, follow, max-snippet:-1, max-image-preview:large, max-video-preview:-1\" \/>\n<link rel=\"canonical\" href=\"https:\/\/solmex.cl\/www\/tanktainer\/\" \/>\n<meta property=\"og:locale\" content=\"es_ES\" \/>\n<meta property=\"og:type\" content=\"article\" \/>\n<meta property=\"og:title\" content=\"Tanktainer 316 Lts. - Solmex\" \/>\n<meta property=\"og:description\" content=\"Caracter\u00edsticas ARRIENDO DE M\u00d3DULOS Tanktainer 26.000 Lts Equipo Modelo TankTainers o IsoTank para almacenamiento y transporte de productos construido en Acero Inoxidable 26.000 Lts Previous Next Im\u00e1genes referenciales, el contenido de los m\u00f3dulos es opcional. Descargar Ficha T\u00e9cnica Ficha T\u00e9cnica Medidas : Largo 20 ft (6.058mm) Ancho 8 ft (2.438mm) Alto 8 ft, 6 in [&hellip;]\" \/>\n<meta property=\"og:url\" content=\"https:\/\/solmex.cl\/www\/tanktainer\/\" \/>\n<meta property=\"og:site_name\" content=\"Solmex\" \/>\n<meta property=\"article:modified_time\" content=\"2024-07-08T16:07:47+00:00\" \/>\n<meta property=\"og:image\" content=\"https:\/\/solmex.cl\/www\/wp-content\/uploads\/2020\/11\/Rectangle.png\" \/>\n<meta name=\"twitter:card\" content=\"summary_large_image\" \/>\n<meta name=\"twitter:label1\" content=\"Tiempo de lectura\" \/>\n\t<meta name=\"twitter:data1\" content=\"2 minutos\" \/>\n<script type=\"application\/ld+json\" class=\"yoast-schema-graph\">{\"@context\":\"https:\/\/schema.org\",\"@graph\":[{\"@type\":\"WebSite\",\"@id\":\"https:\/\/solmex.cl\/www\/#website\",\"url\":\"https:\/\/solmex.cl\/www\/\",\"name\":\"Solmex\",\"description\":\"Arriendo de Modulos\",\"potentialAction\":[{\"@type\":\"SearchAction\",\"target\":{\"@type\":\"EntryPoint\",\"urlTemplate\":\"https:\/\/solmex.cl\/www\/?s={search_term_string}\"},\"query-input\":\"required name=search_term_string\"}],\"inLanguage\":\"es\"},{\"@type\":\"ImageObject\",\"@id\":\"https:\/\/solmex.cl\/www\/tanktainer\/#primaryimage\",\"inLanguage\":\"es\",\"url\":\"https:\/\/solmex.cl\/www\/wp-content\/uploads\/2020\/11\/Rectangle.png\",\"contentUrl\":\"https:\/\/solmex.cl\/www\/wp-content\/uploads\/2020\/11\/Rectangle.png\",\"width\":70,\"height\":3},{\"@type\":\"WebPage\",\"@id\":\"https:\/\/solmex.cl\/www\/tanktainer\/#webpage\",\"url\":\"https:\/\/solmex.cl\/www\/tanktainer\/\",\"name\":\"Tanktainer 316 Lts. - Solmex\",\"isPartOf\":{\"@id\":\"https:\/\/solmex.cl\/www\/#website\"},\"primaryImageOfPage\":{\"@id\":\"https:\/\/solmex.cl\/www\/tanktainer\/#primaryimage\"},\"datePublished\":\"2021-06-14T02:52:27+00:00\",\"dateModified\":\"2024-07-08T16:07:47+00:00\",\"breadcrumb\":{\"@id\":\"https:\/\/solmex.cl\/www\/tanktainer\/#breadcrumb\"},\"inLanguage\":\"es\",\"potentialAction\":[{\"@type\":\"ReadAction\",\"target\":[\"https:\/\/solmex.cl\/www\/tanktainer\/\"]}]},{\"@type\":\"BreadcrumbList\",\"@id\":\"https:\/\/solmex.cl\/www\/tanktainer\/#breadcrumb\",\"itemListElement\":[{\"@type\":\"ListItem\",\"position\":1,\"name\":\"Inicio\",\"item\":\"https:\/\/solmex.cl\/www\/\"},{\"@type\":\"ListItem\",\"position\":2,\"name\":\"Tanktainer 316 Lts.\"}]}]}<\/script>\n<!-- \/ Yoast SEO plugin. -->","yoast_head_json":{"title":"Tanktainer 316 Lts. - Solmex","robots":{"index":"index","follow":"follow","max-snippet":"max-snippet:-1","max-image-preview":"max-image-preview:large","max-video-preview":"max-video-preview:-1"},"canonical":"https:\/\/solmex.cl\/www\/tanktainer\/","og_locale":"es_ES","og_type":"article","og_title":"Tanktainer 316 Lts. - Solmex","og_description":"Caracter\u00edsticas ARRIENDO DE M\u00d3DULOS Tanktainer 26.000 Lts Equipo Modelo TankTainers o IsoTank para almacenamiento y transporte de productos construido en Acero Inoxidable 26.000 Lts Previous Next Im\u00e1genes referenciales, el contenido de los m\u00f3dulos es opcional. Descargar Ficha T\u00e9cnica Ficha T\u00e9cnica Medidas : Largo 20 ft (6.058mm) Ancho 8 ft (2.438mm) Alto 8 ft, 6 in [&hellip;]","og_url":"https:\/\/solmex.cl\/www\/tanktainer\/","og_site_name":"Solmex","article_modified_time":"2024-07-08T16:07:47+00:00","og_image":[{"url":"https:\/\/solmex.cl\/www\/wp-content\/uploads\/2020\/11\/Rectangle.png"}],"twitter_card":"summary_large_image","twitter_misc":{"Tiempo de lectura":"2 minutos"},"schema":{"@context":"https:\/\/schema.org","@graph":[{"@type":"WebSite","@id":"https:\/\/solmex.cl\/www\/#website","url":"https:\/\/solmex.cl\/www\/","name":"Solmex","description":"Arriendo de Modulos","potentialAction":[{"@type":"SearchAction","target":{"@type":"EntryPoint","urlTemplate":"https:\/\/solmex.cl\/www\/?s={search_term_string}"},"query-input":"required name=search_term_string"}],"inLanguage":"es"},{"@type":"ImageObject","@id":"https:\/\/solmex.cl\/www\/tanktainer\/#primaryimage","inLanguage":"es","url":"https:\/\/solmex.cl\/www\/wp-content\/uploads\/2020\/11\/Rectangle.png","contentUrl":"https:\/\/solmex.cl\/www\/wp-content\/uploads\/2020\/11\/Rectangle.png","width":70,"height":3},{"@type":"WebPage","@id":"https:\/\/solmex.cl\/www\/tanktainer\/#webpage","url":"https:\/\/solmex.cl\/www\/tanktainer\/","name":"Tanktainer 316 Lts. - Solmex","isPartOf":{"@id":"https:\/\/solmex.cl\/www\/#website"},"primaryImageOfPage":{"@id":"https:\/\/solmex.cl\/www\/tanktainer\/#primaryimage"},"datePublished":"2021-06-14T02:52:27+00:00","dateModified":"2024-07-08T16:07:47+00:00","breadcrumb":{"@id":"https:\/\/solmex.cl\/www\/tanktainer\/#breadcrumb"},"inLanguage":"es","potentialAction":[{"@type":"ReadAction","target":["https:\/\/solmex.cl\/www\/tanktainer\/"]}]},{"@type":"BreadcrumbList","@id":"https:\/\/solmex.cl\/www\/tanktainer\/#breadcrumb","itemListElement":[{"@type":"ListItem","position":1,"name":"Inicio","item":"https:\/\/solmex.cl\/www\/"},{"@type":"ListItem","position":2,"name":"Tanktainer 316 Lts."}]}]}},"_links":{"self":[{"href":"https:\/\/solmex.cl\/www\/wp-json\/wp\/v2\/pages\/1961"}],"collection":[{"href":"https:\/\/solmex.cl\/www\/wp-json\/wp\/v2\/pages"}],"about":[{"href":"https:\/\/solmex.cl\/www\/wp-json\/wp\/v2\/types\/page"}],"author":[{"embeddable":true,"href":"https:\/\/solmex.cl\/www\/wp-json\/wp\/v2\/users\/1"}],"replies":[{"embeddable":true,"href":"https:\/\/solmex.cl\/www\/wp-json\/wp\/v2\/comments?post=1961"}],"version-history":[{"count":3,"href":"https:\/\/solmex.cl\/www\/wp-json\/wp\/v2\/pages\/1961\/revisions"}],"predecessor-version":[{"id":2921,"href":"https:\/\/solmex.cl\/www\/wp-json\/wp\/v2\/pages\/1961\/revisions\/2921"}],"wp:attachment":[{"href":"https:\/\/solmex.cl\/www\/wp-json\/wp\/v2\/media?parent=1961"}],"curies":[{"name":"wp","href":"https:\/\/api.w.org\/{rel}","templated":true}]}}