{"id":3267,"date":"2025-04-06T23:39:51","date_gmt":"2025-04-07T03:39:51","guid":{"rendered":"https:\/\/solmex.cl\/www\/?page_id=3267"},"modified":"2025-05-18T23:36:35","modified_gmt":"2025-05-19T03:36:35","slug":"arriendo-bano-universal","status":"publish","type":"page","link":"https:\/\/solmex.cl\/www\/arriendo-bano-universal\/","title":{"rendered":"Arriendo Ba\u00f1o Universal"},"content":{"rendered":"\t\t<div data-elementor-type=\"wp-page\" data-elementor-id=\"3267\" class=\"elementor elementor-3267\" data-elementor-settings=\"[]\">\n\t\t\t\t\t\t<div class=\"elementor-inner\">\n\t\t\t\t\t\t\t<div class=\"elementor-section-wrap\">\n\t\t\t\t\t\t\t<section class=\"elementor-section elementor-top-section elementor-element elementor-element-f9556c3 elementor-section-boxed elementor-section-height-default elementor-section-height-default\" data-id=\"f9556c3\" data-element_type=\"section\" data-settings=\"{&quot;background_background&quot;:&quot;classic&quot;}\">\n\t\t\t\t\t\t<div class=\"elementor-container elementor-column-gap-default\">\n\t\t\t\t\t\t\t<div class=\"elementor-row\">\n\t\t\t\t\t<div class=\"elementor-column elementor-col-100 elementor-top-column elementor-element elementor-element-471ab2d\" data-id=\"471ab2d\" data-element_type=\"column\">\n\t\t\t<div class=\"elementor-column-wrap elementor-element-populated\">\n\t\t\t\t\t\t\t<div class=\"elementor-widget-wrap\">\n\t\t\t\t\t\t<div class=\"elementor-element elementor-element-e954a8a elementor-widget elementor-widget-breadcrumbs\" data-id=\"e954a8a\" data-element_type=\"widget\" data-widget_type=\"breadcrumbs.default\">\n\t\t\t\t<div class=\"elementor-widget-container\">\n\t\t\t<p id=\"breadcrumbs\"><span><span><a href=\"https:\/\/solmex.cl\/www\/\">Inicio<\/a><\/span><\/p>\t\t<\/div>\n\t\t\t\t<\/div>\n\t\t\t\t\t\t<\/div>\n\t\t\t\t\t<\/div>\n\t\t<\/div>\n\t\t\t\t\t\t\t\t<\/div>\n\t\t\t\t\t<\/div>\n\t\t<\/section>\n\t\t\t\t<section class=\"elementor-section elementor-top-section elementor-element elementor-element-9ee98d6 elementor-section-boxed elementor-section-height-default elementor-section-height-default\" data-id=\"9ee98d6\" data-element_type=\"section\">\n\t\t\t\t\t\t<div class=\"elementor-container elementor-column-gap-default\">\n\t\t\t\t\t\t\t<div class=\"elementor-row\">\n\t\t\t\t\t<div class=\"elementor-column elementor-col-100 elementor-top-column elementor-element elementor-element-4984952\" data-id=\"4984952\" data-element_type=\"column\">\n\t\t\t<div class=\"elementor-column-wrap elementor-element-populated\">\n\t\t\t\t\t\t\t<div class=\"elementor-widget-wrap\">\n\t\t\t\t\t\t<section class=\"elementor-section elementor-inner-section elementor-element elementor-element-5c6d151 elementor-section-boxed elementor-section-height-default elementor-section-height-default\" data-id=\"5c6d151\" data-element_type=\"section\">\n\t\t\t\t\t\t<div class=\"elementor-container elementor-column-gap-default\">\n\t\t\t\t\t\t\t<div class=\"elementor-row\">\n\t\t\t\t\t<div class=\"elementor-column elementor-col-100 elementor-inner-column elementor-element elementor-element-c71114d\" data-id=\"c71114d\" data-element_type=\"column\">\n\t\t\t<div class=\"elementor-column-wrap elementor-element-populated\">\n\t\t\t\t\t\t\t<div class=\"elementor-widget-wrap\">\n\t\t\t\t\t\t<div class=\"elementor-element elementor-element-63b0c65 elementor-widget elementor-widget-heading\" data-id=\"63b0c65\" data-element_type=\"widget\" data-widget_type=\"heading.default\">\n\t\t\t\t<div class=\"elementor-widget-container\">\n\t\t\t<h6 class=\"elementor-heading-title elementor-size-default\">ARRIENDO DE M\u00d3DULOS<\/h6>\t\t<\/div>\n\t\t\t\t<\/div>\n\t\t\t\t<div class=\"elementor-element elementor-element-47797d8 elementor-widget elementor-widget-image\" data-id=\"47797d8\" data-element_type=\"widget\" data-widget_type=\"image.default\">\n\t\t\t\t<div class=\"elementor-widget-container\">\n\t\t\t\t\t\t\t\t<div class=\"elementor-image\">\n\t\t\t\t\t\t\t\t\t\t\t\t<img width=\"70\" height=\"3\" src=\"https:\/\/solmex.cl\/www\/wp-content\/uploads\/2020\/11\/Rectangle.png\" class=\"attachment-large size-large\" alt=\"\" loading=\"lazy\" \/>\t\t\t\t\t\t\t\t\t\t\t\t\t\t<\/div>\n\t\t\t\t\t\t<\/div>\n\t\t\t\t<\/div>\n\t\t\t\t<div class=\"elementor-element elementor-element-0dc1207 elementor-widget elementor-widget-heading\" data-id=\"0dc1207\" data-element_type=\"widget\" data-widget_type=\"heading.default\">\n\t\t\t\t<div class=\"elementor-widget-container\">\n\t\t\t<h2 class=\"elementor-heading-title elementor-size-default\">Arriendo Ba\u00f1os Universal<\/h2>\t\t<\/div>\n\t\t\t\t<\/div>\n\t\t\t\t<div class=\"elementor-element elementor-element-8feabc3 elementor-widget elementor-widget-text-editor\" data-id=\"8feabc3\" data-element_type=\"widget\" data-widget_type=\"text-editor.default\">\n\t\t\t\t<div class=\"elementor-widget-container\">\n\t\t\t\t\t\t\t\t<div class=\"elementor-text-editor elementor-clearfix\">\n\t\t\t\t<span style=\"font-weight: 400;\">En Solmex creemos que la comodidad y la accesibilidad son derechos de todos. Nuestros ba\u00f1os universales est\u00e1n dise\u00f1ados para brindar seguridad y autonom\u00eda a personas con movilidad reducida, cumpliendo con todas las normativas vigentes de accesibilidad.\n\nAmplios y adaptados para sillas de ruedas\nBarras de apoyo y piso antideslizante para mayor seguridad\nDise\u00f1o funcional para el uso independiente y c\u00f3modo\nCumple con la Ordenanza General de Urbanismo y Construcci\u00f3n (OGUC) y la Ley 20.422\n<\/span>\n\n<span style=\"font-weight: 400;\">Espacios amplios, modernos y bien iluminados<\/span>\n\n<span style=\"font-weight: 400;\">Amigables con el medio ambiente\u00a0<\/span>\n\n<span style=\"font-weight: 400;\">Mayor higiene y limpieza<\/span>\t\t\t\t\t<\/div>\n\t\t\t\t\t\t<\/div>\n\t\t\t\t<\/div>\n\t\t\t\t\t\t<\/div>\n\t\t\t\t\t<\/div>\n\t\t<\/div>\n\t\t\t\t\t\t\t\t<\/div>\n\t\t\t\t\t<\/div>\n\t\t<\/section>\n\t\t\t\t\t\t<\/div>\n\t\t\t\t\t<\/div>\n\t\t<\/div>\n\t\t\t\t\t\t\t\t<\/div>\n\t\t\t\t\t<\/div>\n\t\t<\/section>\n\t\t\t\t<section class=\"elementor-section elementor-top-section elementor-element elementor-element-045dd40 elementor-section-boxed elementor-section-height-default elementor-section-height-default\" data-id=\"045dd40\" data-element_type=\"section\">\n\t\t\t\t\t\t<div class=\"elementor-container elementor-column-gap-default\">\n\t\t\t\t\t\t\t<div class=\"elementor-row\">\n\t\t\t\t\t<div class=\"elementor-column elementor-col-100 elementor-top-column elementor-element elementor-element-81cb970\" data-id=\"81cb970\" data-element_type=\"column\">\n\t\t\t<div class=\"elementor-column-wrap elementor-element-populated\">\n\t\t\t\t\t\t\t<div class=\"elementor-widget-wrap\">\n\t\t\t\t\t\t<section class=\"elementor-section elementor-inner-section elementor-element elementor-element-9f546ca elementor-section-boxed elementor-section-height-default elementor-section-height-default\" data-id=\"9f546ca\" data-element_type=\"section\">\n\t\t\t\t\t\t<div class=\"elementor-container elementor-column-gap-default\">\n\t\t\t\t\t\t\t<div class=\"elementor-row\">\n\t\t\t\t\t<div class=\"elementor-column elementor-col-100 elementor-inner-column elementor-element elementor-element-ce15365\" data-id=\"ce15365\" data-element_type=\"column\">\n\t\t\t<div class=\"elementor-column-wrap elementor-element-populated\">\n\t\t\t\t\t\t\t<div class=\"elementor-widget-wrap\">\n\t\t\t\t\t\t<div class=\"elementor-element elementor-element-816b426 elementor-widget elementor-widget-heading\" data-id=\"816b426\" data-element_type=\"widget\" data-widget_type=\"heading.default\">\n\t\t\t\t<div class=\"elementor-widget-container\">\n\t\t\t<h2 class=\"elementor-heading-title elementor-size-default\">Descubre Nuestro Modelo<\/h2>\t\t<\/div>\n\t\t\t\t<\/div>\n\t\t\t\t\t\t<\/div>\n\t\t\t\t\t<\/div>\n\t\t<\/div>\n\t\t\t\t\t\t\t\t<\/div>\n\t\t\t\t\t<\/div>\n\t\t<\/section>\n\t\t\t\t<section class=\"elementor-section elementor-inner-section elementor-element elementor-element-d3ada23 elementor-section-boxed elementor-section-height-default elementor-section-height-default\" data-id=\"d3ada23\" data-element_type=\"section\">\n\t\t\t\t\t\t<div class=\"elementor-container elementor-column-gap-default\">\n\t\t\t\t\t\t\t<div class=\"elementor-row\">\n\t\t\t\t\t<div class=\"elementor-column elementor-col-50 elementor-inner-column elementor-element elementor-element-420bb7b\" data-id=\"420bb7b\" data-element_type=\"column\">\n\t\t\t<div class=\"elementor-column-wrap elementor-element-populated\">\n\t\t\t\t\t\t\t<div class=\"elementor-widget-wrap\">\n\t\t\t\t\t\t<div class=\"elementor-element elementor-element-d4e2383 elementor-widget elementor-widget-image\" data-id=\"d4e2383\" data-element_type=\"widget\" data-widget_type=\"image.default\">\n\t\t\t\t<div class=\"elementor-widget-container\">\n\t\t\t\t\t\t\t\t<div class=\"elementor-image\">\n\t\t\t\t\t\t\t\t\t\t\t\t\t<a href=\"https:\/\/solmex.cl\/www\/bano-universal\/\">\n\t\t\t\t\t\t\t<img width=\"580\" height=\"394\" src=\"https:\/\/solmex.cl\/www\/wp-content\/uploads\/2025\/05\/BPUniv001-1024x696.jpg\" class=\"attachment-large size-large\" alt=\"\" loading=\"lazy\" srcset=\"https:\/\/solmex.cl\/www\/wp-content\/uploads\/2025\/05\/BPUniv001-1024x696.jpg 1024w, https:\/\/solmex.cl\/www\/wp-content\/uploads\/2025\/05\/BPUniv001-300x204.jpg 300w, https:\/\/solmex.cl\/www\/wp-content\/uploads\/2025\/05\/BPUniv001-768x522.jpg 768w, https:\/\/solmex.cl\/www\/wp-content\/uploads\/2025\/05\/BPUniv001-1536x1043.jpg 1536w, https:\/\/solmex.cl\/www\/wp-content\/uploads\/2025\/05\/BPUniv001-2048x1391.jpg 2048w, https:\/\/solmex.cl\/www\/wp-content\/uploads\/2025\/05\/BPUniv001-1200x815.jpg 1200w, https:\/\/solmex.cl\/www\/wp-content\/uploads\/2025\/05\/BPUniv001-1980x1345.jpg 1980w\" sizes=\"(max-width: 580px) 100vw, 580px\" \/>\t\t\t\t\t\t\t\t<\/a>\n\t\t\t\t\t\t\t\t\t\t\t\t\t\t<\/div>\n\t\t\t\t\t\t<\/div>\n\t\t\t\t<\/div>\n\t\t\t\t<div class=\"elementor-element elementor-element-6027d34 elementor-widget elementor-widget-text-editor\" data-id=\"6027d34\" data-element_type=\"widget\" data-widget_type=\"text-editor.default\">\n\t\t\t\t<div class=\"elementor-widget-container\">\n\t\t\t\t\t\t\t\t<div class=\"elementor-text-editor elementor-clearfix\">\n\t\t\t\t<p>BA\u00d1O UNIVERSAL<\/p>\t\t\t\t\t<\/div>\n\t\t\t\t\t\t<\/div>\n\t\t\t\t<\/div>\n\t\t\t\t<div class=\"elementor-element elementor-element-2c684d9 elementor-widget elementor-widget-heading\" data-id=\"2c684d9\" data-element_type=\"widget\" data-widget_type=\"heading.default\">\n\t\t\t\t<div class=\"elementor-widget-container\">\n\t\t\t<h2 class=\"elementor-heading-title elementor-size-default\"><a href=\"https:\/\/solmex.cl\/www\/bano-universal\/\">Ba\u00f1o WC universal\n<\/a><\/h2>\t\t<\/div>\n\t\t\t\t<\/div>\n\t\t\t\t\t\t<\/div>\n\t\t\t\t\t<\/div>\n\t\t<\/div>\n\t\t\t\t<div class=\"elementor-column elementor-col-50 elementor-inner-column elementor-element elementor-element-a628e66\" data-id=\"a628e66\" data-element_type=\"column\">\n\t\t\t<div class=\"elementor-column-wrap\">\n\t\t\t\t\t\t\t<div class=\"elementor-widget-wrap\">\n\t\t\t\t\t\t\t\t<\/div>\n\t\t\t\t\t<\/div>\n\t\t<\/div>\n\t\t\t\t\t\t\t\t<\/div>\n\t\t\t\t\t<\/div>\n\t\t<\/section>\n\t\t\t\t<div class=\"elementor-element elementor-element-3244241 elementor-widget elementor-widget-text-editor\" data-id=\"3244241\" data-element_type=\"widget\" data-widget_type=\"text-editor.default\">\n\t\t\t\t<div class=\"elementor-widget-container\">\n\t\t\t\t\t\t\t\t<div class=\"elementor-text-editor elementor-clearfix\">\n\t\t\t\t<h5><b>Haz que tu evento o empresa sea 100% accesible.<\/b><\/h5>\t\t\t\t\t<\/div>\n\t\t\t\t\t\t<\/div>\n\t\t\t\t<\/div>\n\t\t\t\t<div class=\"elementor-element elementor-element-390ed3e elementor-align-right elementor-mobile-align-right elementor-widget__width-auto elementor-widget-mobile__width-initial elementor-widget elementor-widget-button\" data-id=\"390ed3e\" data-element_type=\"widget\" data-widget_type=\"button.default\">\n\t\t\t\t<div class=\"elementor-widget-container\">\n\t\t\t\t\t<div class=\"elementor-button-wrapper\">\n\t\t\t<a href=\"https:\/\/solmex.cl\/www\/cotizacion\/\" class=\"elementor-button-link elementor-button elementor-size-md\" role=\"button\">\n\t\t\t\t\t\t<span class=\"elementor-button-content-wrapper\">\n\t\t\t\t\t\t<span class=\"elementor-button-icon elementor-align-icon-left\">\n\t\t\t\t<i aria-hidden=\"true\" class=\"far fa-envelope\"><\/i>\t\t\t<\/span>\n\t\t\t\t\t\t<span class=\"elementor-button-text\">Cotizar<\/span>\n\t\t<\/span>\n\t\t\t\t\t<\/a>\n\t\t<\/div>\n\t\t\t\t<\/div>\n\t\t\t\t<\/div>\n\t\t\t\t\t\t<\/div>\n\t\t\t\t\t<\/div>\n\t\t<\/div>\n\t\t\t\t\t\t\t\t<\/div>\n\t\t\t\t\t<\/div>\n\t\t<\/section>\n\t\t\t\t\t\t<\/div>\n\t\t\t\t\t\t<\/div>\n\t\t\t\t\t<\/div>\n\t\t","protected":false},"excerpt":{"rendered":"<p>ARRIENDO DE M\u00d3DULOS Arriendo Ba\u00f1os Universal En Solmex creemos que la comodidad y la accesibilidad son derechos de todos. Nuestros ba\u00f1os universales est\u00e1n dise\u00f1ados para brindar seguridad y autonom\u00eda a personas con movilidad reducida, cumpliendo con todas las normativas vigentes de accesibilidad. Amplios y adaptados para sillas de ruedas Barras de apoyo y piso antideslizante [&hellip;]<\/p>\n","protected":false},"author":1,"featured_media":0,"parent":0,"menu_order":0,"comment_status":"closed","ping_status":"closed","template":"elementor_header_footer","meta":{"om_disable_all_campaigns":false},"yoast_head":"<!-- This site is optimized with the Yoast SEO plugin v18.3 - https:\/\/yoast.com\/wordpress\/plugins\/seo\/ -->\n<title>Arriendo Ba\u00f1o Universal - Solmex<\/title>\n<meta name=\"robots\" content=\"index, follow, max-snippet:-1, max-image-preview:large, max-video-preview:-1\" \/>\n<link rel=\"canonical\" href=\"https:\/\/solmex.cl\/www\/arriendo-bano-universal\/\" \/>\n<meta property=\"og:locale\" content=\"es_ES\" \/>\n<meta property=\"og:type\" content=\"article\" \/>\n<meta property=\"og:title\" content=\"Arriendo Ba\u00f1o Universal - Solmex\" \/>\n<meta property=\"og:description\" content=\"ARRIENDO DE M\u00d3DULOS Arriendo Ba\u00f1os Universal En Solmex creemos que la comodidad y la accesibilidad son derechos de todos. Nuestros ba\u00f1os universales est\u00e1n dise\u00f1ados para brindar seguridad y autonom\u00eda a personas con movilidad reducida, cumpliendo con todas las normativas vigentes de accesibilidad. Amplios y adaptados para sillas de ruedas Barras de apoyo y piso antideslizante [&hellip;]\" \/>\n<meta property=\"og:url\" content=\"https:\/\/solmex.cl\/www\/arriendo-bano-universal\/\" \/>\n<meta property=\"og:site_name\" content=\"Solmex\" \/>\n<meta property=\"article:modified_time\" content=\"2025-05-19T03:36:35+00:00\" \/>\n<meta property=\"og:image\" content=\"https:\/\/solmex.cl\/www\/wp-content\/uploads\/2020\/11\/Rectangle.png\" \/>\n<meta name=\"twitter:card\" content=\"summary_large_image\" \/>\n<meta name=\"twitter:label1\" content=\"Tiempo de lectura\" \/>\n\t<meta name=\"twitter:data1\" content=\"1 minuto\" \/>\n<script type=\"application\/ld+json\" class=\"yoast-schema-graph\">{\"@context\":\"https:\/\/schema.org\",\"@graph\":[{\"@type\":\"WebSite\",\"@id\":\"https:\/\/solmex.cl\/www\/#website\",\"url\":\"https:\/\/solmex.cl\/www\/\",\"name\":\"Solmex\",\"description\":\"Arriendo de Modulos\",\"potentialAction\":[{\"@type\":\"SearchAction\",\"target\":{\"@type\":\"EntryPoint\",\"urlTemplate\":\"https:\/\/solmex.cl\/www\/?s={search_term_string}\"},\"query-input\":\"required name=search_term_string\"}],\"inLanguage\":\"es\"},{\"@type\":\"ImageObject\",\"@id\":\"https:\/\/solmex.cl\/www\/arriendo-bano-universal\/#primaryimage\",\"inLanguage\":\"es\",\"url\":\"https:\/\/solmex.cl\/www\/wp-content\/uploads\/2020\/11\/Rectangle.png\",\"contentUrl\":\"https:\/\/solmex.cl\/www\/wp-content\/uploads\/2020\/11\/Rectangle.png\",\"width\":70,\"height\":3},{\"@type\":\"WebPage\",\"@id\":\"https:\/\/solmex.cl\/www\/arriendo-bano-universal\/#webpage\",\"url\":\"https:\/\/solmex.cl\/www\/arriendo-bano-universal\/\",\"name\":\"Arriendo Ba\u00f1o Universal - Solmex\",\"isPartOf\":{\"@id\":\"https:\/\/solmex.cl\/www\/#website\"},\"primaryImageOfPage\":{\"@id\":\"https:\/\/solmex.cl\/www\/arriendo-bano-universal\/#primaryimage\"},\"datePublished\":\"2025-04-07T03:39:51+00:00\",\"dateModified\":\"2025-05-19T03:36:35+00:00\",\"breadcrumb\":{\"@id\":\"https:\/\/solmex.cl\/www\/arriendo-bano-universal\/#breadcrumb\"},\"inLanguage\":\"es\",\"potentialAction\":[{\"@type\":\"ReadAction\",\"target\":[\"https:\/\/solmex.cl\/www\/arriendo-bano-universal\/\"]}]},{\"@type\":\"BreadcrumbList\",\"@id\":\"https:\/\/solmex.cl\/www\/arriendo-bano-universal\/#breadcrumb\",\"itemListElement\":[{\"@type\":\"ListItem\",\"position\":1,\"name\":\"Inicio\",\"item\":\"https:\/\/solmex.cl\/www\/\"},{\"@type\":\"ListItem\",\"position\":2,\"name\":\"Arriendo Ba\u00f1o Universal\"}]}]}<\/script>\n<!-- \/ Yoast SEO plugin. -->","yoast_head_json":{"title":"Arriendo Ba\u00f1o Universal - Solmex","robots":{"index":"index","follow":"follow","max-snippet":"max-snippet:-1","max-image-preview":"max-image-preview:large","max-video-preview":"max-video-preview:-1"},"canonical":"https:\/\/solmex.cl\/www\/arriendo-bano-universal\/","og_locale":"es_ES","og_type":"article","og_title":"Arriendo Ba\u00f1o Universal - Solmex","og_description":"ARRIENDO DE M\u00d3DULOS Arriendo Ba\u00f1os Universal En Solmex creemos que la comodidad y la accesibilidad son derechos de todos. Nuestros ba\u00f1os universales est\u00e1n dise\u00f1ados para brindar seguridad y autonom\u00eda a personas con movilidad reducida, cumpliendo con todas las normativas vigentes de accesibilidad. Amplios y adaptados para sillas de ruedas Barras de apoyo y piso antideslizante [&hellip;]","og_url":"https:\/\/solmex.cl\/www\/arriendo-bano-universal\/","og_site_name":"Solmex","article_modified_time":"2025-05-19T03:36:35+00:00","og_image":[{"url":"https:\/\/solmex.cl\/www\/wp-content\/uploads\/2020\/11\/Rectangle.png"}],"twitter_card":"summary_large_image","twitter_misc":{"Tiempo de lectura":"1 minuto"},"schema":{"@context":"https:\/\/schema.org","@graph":[{"@type":"WebSite","@id":"https:\/\/solmex.cl\/www\/#website","url":"https:\/\/solmex.cl\/www\/","name":"Solmex","description":"Arriendo de Modulos","potentialAction":[{"@type":"SearchAction","target":{"@type":"EntryPoint","urlTemplate":"https:\/\/solmex.cl\/www\/?s={search_term_string}"},"query-input":"required name=search_term_string"}],"inLanguage":"es"},{"@type":"ImageObject","@id":"https:\/\/solmex.cl\/www\/arriendo-bano-universal\/#primaryimage","inLanguage":"es","url":"https:\/\/solmex.cl\/www\/wp-content\/uploads\/2020\/11\/Rectangle.png","contentUrl":"https:\/\/solmex.cl\/www\/wp-content\/uploads\/2020\/11\/Rectangle.png","width":70,"height":3},{"@type":"WebPage","@id":"https:\/\/solmex.cl\/www\/arriendo-bano-universal\/#webpage","url":"https:\/\/solmex.cl\/www\/arriendo-bano-universal\/","name":"Arriendo Ba\u00f1o Universal - Solmex","isPartOf":{"@id":"https:\/\/solmex.cl\/www\/#website"},"primaryImageOfPage":{"@id":"https:\/\/solmex.cl\/www\/arriendo-bano-universal\/#primaryimage"},"datePublished":"2025-04-07T03:39:51+00:00","dateModified":"2025-05-19T03:36:35+00:00","breadcrumb":{"@id":"https:\/\/solmex.cl\/www\/arriendo-bano-universal\/#breadcrumb"},"inLanguage":"es","potentialAction":[{"@type":"ReadAction","target":["https:\/\/solmex.cl\/www\/arriendo-bano-universal\/"]}]},{"@type":"BreadcrumbList","@id":"https:\/\/solmex.cl\/www\/arriendo-bano-universal\/#breadcrumb","itemListElement":[{"@type":"ListItem","position":1,"name":"Inicio","item":"https:\/\/solmex.cl\/www\/"},{"@type":"ListItem","position":2,"name":"Arriendo Ba\u00f1o Universal"}]}]}},"_links":{"self":[{"href":"https:\/\/solmex.cl\/www\/wp-json\/wp\/v2\/pages\/3267"}],"collection":[{"href":"https:\/\/solmex.cl\/www\/wp-json\/wp\/v2\/pages"}],"about":[{"href":"https:\/\/solmex.cl\/www\/wp-json\/wp\/v2\/types\/page"}],"author":[{"embeddable":true,"href":"https:\/\/solmex.cl\/www\/wp-json\/wp\/v2\/users\/1"}],"replies":[{"embeddable":true,"href":"https:\/\/solmex.cl\/www\/wp-json\/wp\/v2\/comments?post=3267"}],"version-history":[{"count":10,"href":"https:\/\/solmex.cl\/www\/wp-json\/wp\/v2\/pages\/3267\/revisions"}],"predecessor-version":[{"id":3418,"href":"https:\/\/solmex.cl\/www\/wp-json\/wp\/v2\/pages\/3267\/revisions\/3418"}],"wp:attachment":[{"href":"https:\/\/solmex.cl\/www\/wp-json\/wp\/v2\/media?parent=3267"}],"curies":[{"name":"wp","href":"https:\/\/api.w.org\/{rel}","templated":true}]}}